 + 0. Let p be v(b). Suppose -5*f + 7 = 4*d - 8, -2*f - 22 = -p*d. What is the units digit of d?
5
Suppose 3 = x - 2*t - 2, -4*x + t = -27. Suppose 3*l - x*l = -52. What is the units digit of l?
3
Suppose 43 + 19 = w. What is the tens digit of w?
6
Let l be (12/(-8))/(2/20). Let c = l + 26. What is the units digit of c?
1
Let i = -170 - -318. What is the tens digit of i?
4
Let b be ((-6)/4)/((-3)/4). Suppose -2*m = 4*z - 9*z + 91, -3*m = 5*z - 76. Suppose 0 = 4*o - 4*u - 28, 2*o + b*u - z = 5. What is the units digit of o?
9
Suppose -2*l = -3*w + 70, -23 = 3*l + 5*w + 101. Let y = 62 + l. What is the tens digit of y?
2
Suppose 2*f - 3 = 1. What is the units digit of 1 + 18 - f - 3?
4
Suppose 5*v + 14 = 4. Let k be (-2)/(-4) - (-1)/v. Suppose 4*z - 4 + 0 = k. What is the units digit of z?
1
Let a be 9/(-2)*(-12)/(-9). What is the tens digit of -22*(a/(-4))/(-3)?
1
Let q(t) = t**3 + 11*t**2 + 12*t + 8. What is the hundreds digit of q(-8)?
1
Suppose -7*y + 1620 = 423. What is the tens digit of y?
7
Let q(z) = -z + 9. Let s be q(4). What is the units digit of s*-9*(-1)/3?
5
Let n = 17 - 16. What is the units digit of n?
1
What is the units digit of (45 + 0)*(5 - (-34)/(-10))?
2
Let y(x) = 26*x + 1. Let b be y(-1). Let o = -11 - b. What is the units digit of o?
4
Let i = -119 + 186. What is the units digit of i?
7
Let f(b) = 2*b**2 + 2*b**2 - b**2 - b + 4*b**2. Let k be f(-1). Let x = k - 2. What is the units digit of x?
6
Suppose -2*v - 3*c = -67, -v + 7 + 21 = -4*c. Suppose -t = -5*t + v. Suppose -5*d = -2*d + 4*f - 34, d - 2*f = t. What is the units digit of d?
0
Suppose -4*a + 2*i = -230, 2*a + 3*i = -i + 120. Let c = a - 30. What is the units digit of c?
8
Let l = 0 + 6. Let r = l + -3. Suppose r - 36 = -3*w. What is the tens digit of w?
1
Let g(x) = -x + 10. Let a be g(7). Suppose a*w - p - 9 = 1, -4*p = 2*w - 16. What is the units digit of w?
4
Let m = 4 - 12. Let g be 6/2*(-4)/6. What is the units digit of m/g*(-2)/(-4)?
2
Let g be 10/6 + (-2)/(-6). Let u be ((-16)/(-5))/((-18)/(-45)). Let j = u - g. What is the units digit of j?
6
What is the units digit of (24/5)/4*(-10)/(-3)?
4
Let q(t) = 3*t**3 + 2*t**2 - 4*t + 2. What is the tens digit of q(2)?
2
Suppose 4*b + a + a = 272, 5*a = 0. What is the tens digit of b?
6
Let p(f) = 11 + f + 0 - f**2 - 3 + 5*f. Let n be 27/(-12)*8/(-3). What is the units digit of p(n)?
8
Let h(u) = 4 - 9*u + 2 - u**2 + 2. What is the units digit of h(-6)?
6
Let m = 258 - 133. What is the hundreds digit of m?
1
Let t = -4 - -9. Suppose -18 = -t*d + 7. Suppose d*z - 31 - 4 = 0. What is the units digit of z?
7
What is the units digit of 42/(-6)*(-1)/1?
7
Let p be 6 + (1 - (-1 - -3)). Suppose -5*t + 6 + 16 = y, -p*y - 4*t = -26. What is the units digit of y?
2
Suppose 5*n + 15 + 38 = m, -n - 89 = -3*m. What is the units digit of m?
8
Let i(m) = -3*m + 5*m + 1 - 4. Let d be i(4). Suppose g - 4 = -4*s - 2, -3*g = -d*s - 40. What is the units digit of g?
0
Let s be 2*1*(-2)/(-2). Let i(l) = -l - 6*l - 8*l**2 + l**3 + 3*l**s + 8. What is the units digit of i(6)?
2
Let a(v) = v + 13. Let c be a(-7). Let s = c - -7. What is the units digit of s?
3
Suppose -7*d = -2*d - 20. Suppose x = -d*x + 55. What is the tens digit of x?
1
Suppose -2*i - 2*i - f + 11 = 0, -4*f - 4 = 0. Suppose -3*g = z + 18 - 71, 3*z = -i. Suppose -3*q = 4*w - 35, 2*w = 3*q + 13 + g. What is the units digit of w?
1
Suppose 3*z + 250 = 5*b, -2*b + 40 + 60 = -4*z. What is the tens digit of b?
5
Let f(b) = 17*b**2 + b + 1. Let w be (-4 + 3)*-5*1. Suppose 0 = 4*r + 2*y + 2, -1 = -3*r - w*y + y. What is the tens digit of f(r)?
1
Let u = -14 + 8. Let o(q) = -q**3 - 6*q**2 - 3*q - 8. What is the tens digit of o(u)?
1
Let b(l) be the first derivative of l**3/3 - l**2/2 + 3*l - 2. What is the units digit of b(0)?
3
Let d(g) = g**3 + 12*g**2 + 10*g - 12. Let r be d(-11). Let i = 10 - r. Suppose 2*w - w - i = 0. What is the tens digit of w?
1
Let i be (-2)/2*(8 - 3). What is the units digit of 14/35*(0 - i)?
2
Let x(z) = -z**3 - 4*z**2 + 3. Let j be x(-4). Suppose -3*r + 97 = j*p - 5*r, 5*p + 4*r = 125. What is the units digit of p?
9
Suppose -5*v - c = 59, 0 = 4*v + 2*c - 5*c + 32. Let d = -1 - v. What is the tens digit of d?
1
Let x be 4 + 6/(3/(-1)). Suppose 0*d = -d + x. What is the units digit of d?
2
Suppose 2*l - 6 = 4, -33 = x - 3*l. What is the tens digit of (x/(-7))/((-12)/(-56))?
1
Suppose 17 = 5*a - 2*t - 44, 5*t - 75 = -5*a. Let x = 22 - a. What is the tens digit of 7*(-4)/(-21)*x?
1
Let b = -98 - -159. What is the tens digit of b?
6
What is the tens digit of (13 + -14)/((-2)/20)?
1
Suppose v = 2*d + 42 + 30, 3*v - d - 226 = 0. What is the tens digit of v?
7
Suppose -5*t - o + 348 = -t, 4*o = -5*t + 446. What is the tens digit of t?
8
Suppose -3 = z - i, 5*z + 2*i - 5 = 8. Let x = 16 - z. What is the tens digit of x?
1
Let d = -27 - -13. Let o = d + 16. What is the units digit of o?
2
Let r(q) be the third derivative of q**4/24 + q**3/6 + 6*q**2. What is the units digit of r(6)?
7
Suppose -3*g - 41 = -14. Let b be (-4)/((-3)/(g/(-6))). What is the units digit of (8*(-2)/(-4))/b?
2
Suppose 0 = -3*w + w, -20 = -n + 4*w. What is the tens digit of n?
2
Let u(n) = n**2 + 8. Let g be 26 + (-3)/(3 + 0). Suppose -4*z = -5*j + g, 0*z - z - 3*j + 15 = 0. What is the units digit of u(z)?
8
Let a(l) = l - 1. Let q be a(4). Suppose -5*c + 24 + 31 = 5*b, 5*b + 3*c = 51. What is the units digit of -2 + 12/b*q?
2
Let i = 179 - 123. What is the tens digit of i?
5
Let i(f) = 2 + 12*f**2 - 11*f**2 + f - 9*f. Let k be i(6). What is the units digit of 38/10 + (-2)/k?
4
Suppose -2*q = 4*m - 264, 6*m = 5*q + 7*m - 624. What is the hundreds digit of q?
1
Suppose -h - 260 = -5*a, 4*h - h = -4*a + 208. What is the tens digit of a?
5
Suppose -3*j + 15 = -0*j. Suppose -j*x + h + 5 = -14, -4*x + 2*h + 14 = 0. Suppose 4 = x*q - 16. What is the units digit of q?
5
Suppose a + 2*a - 9 = 0. Let l be ((-10)/15)/(2/(-18)). Suppose y + 3*t + l = -t, a*y = 4*t + 14. What is the units digit of y?
2
Let t = -275 + 400. What is the hundreds digit of t?
1
Let i = 8 - 6. Suppose i*k = k + 18. What is the units digit of k?
8
Suppose 0*s - 6*s = -150. What is the tens digit of s?
2
Let a = 2 + -2. Suppose -2*d - d + 6 = a. Suppose -i + 14 = -d*h, h + 16 = -i - 3*h. What is the units digit of i?
4
Let l(v) = -v**2. Suppose 1 + 4 = -5*t. Let q be l(t). What is the units digit of 0 + 2 - 4*q?
6
What is the tens digit of 760/24 + 4/(-6)?
3
Let y(k) = -k**3 + k**2 - k + 133. What is the hundreds digit of y(0)?
1
Let m = -151 - -604. What is the units digit of m?
3
Let j = -143 + 202. Let t = -41 + j. What is the units digit of t?
8
Suppose 0 = -2*i + m + 5, -2*i + 5*m + 25 = 3*i. Suppose h - 1 = -i*h. What is the units digit of h?
1
Let x = 6 + -11. Let n = x + 11. What is the units digit of n?
6
Suppose 2 = l - 6. Suppose 14 - 2 = 4*x. Suppose x*o - l = -o. What is the units digit of o?
2
Suppose -3*i - o = -15, -4*o = -2*i - 2*o + 10. Suppose 7 = 4*b - i. What is the units digit of b?
3
Suppose -3*r + 0*n = 3*n - 123, 0 = -4*r + 5*n + 119. Let m = -19 + r. What is the units digit of m?
7
Let b(t) = -203*t**3 - t**2 + t + 1. What is the hundreds digit of b(-1)?
2
Let q(k) = 2*k**2 - k - 1. Let r(l) = l**2 + l - 3. Let o be r(-3). What is the units digit of q(o)?
4
Suppose 5*y - n - 235 = 0, -5*y - 4*n = -210 - 50. What is the units digit of y?
8
Let v = 0 + -2. Let j(s) = 2*s + 2. Let z be j(v). What is the units digit of (z/(-2))/((-1)/(-5))?
5
Suppose -4*d - 26 = -82. What is the tens digit of d?
1
Let a be (-1 + (-12)/(-3))/1. Let h(z) = -z**2 + 9*z + 9. Let b be h(9). Suppose 5*o = 3*s - 24, s - a*s + b = -o. What is the units digit of s?
3
Let n(h) = -h**3 + 7*h**2 - 6*h - 4. Let q be n(6). What is the tens digit of 7/q*1*-8?
1
Let g(a) be the second derivative of -a**5/20 + 2*a**4/3 + 5*a**3/3 - 4*a**2 + 3*a. Let l be g(9). What is the units digit of (l*-5)/((-1)/2)?
0
Suppose 410 = 4*k - 2. What is the hundreds digit of k?
1
Let o = 5 + -2. Suppose -f + o = -2. Suppose 3*a = -5*u + 17, -f*u - 18 = 7. What is the tens digit of a?
1
Suppose 4*w - 5*o = -30, 0 = 2*w - 0*o - 2*o + 16. Let s(l) = 3*l + 60. Let r be s(-19). Let i = r - w. What is the tens digit of i?
1
Let k(t) = -t - 5. Let